6)?
7
Let p = -116 + 120. What is the tens digit of 0 - p*65*-2?
2
Let j(h) be the first derivative of -3*h**2/2 + 180*h + 167. What is the hundreds digit of j(22)?
1
Let x be 10/((-4)/(-276)*6). Let i = 20 - 94. Let k = i + x. What is the units digit of k?
1
Let d = -547 + 1158. Let s = d - 342. What is the units digit of s?
9
Suppose -9*g = -11*g + 104. Let r = g + -48. Suppose -r*k = 4*k - 816. What is the units digit of k?
2
What is the ten thousands digit of (-8)/14 + 15/((-4095)/(-14762904))?
5
Suppose 6822 = r - j, 308*r - 307*r = -5*j + 6834. What is the hundreds digit of r?
8
Let x = -645 + 915. Suppose 10*k = 5*k + x. Let c = -24 + k. What is the units digit of c?
0
Suppose 2*h - 3 = 5. Let x(c) = -c**3 + 3*c**2 + 5*c - 1. Let l be x(h). Suppose 0 = -3*t, l*v - 340 = t + 230. What is the units digit of v?
0
Suppose -4*n = -87 - 885. Let r = -161 + n. What is the tens digit of r?
8
Suppose 6 - 27 = 5*y - q, 2*q = -2*y - 18. Let i be y/(-105)*6 - 79/7. Let n(f) = 2*f**2 + 14*f - 1. What is the units digit of n(i)?
7
Let q(a) = a**3 - 21*a**2 + 23*a - 55. Let d be q(20). Suppose 4*i = d*i - 489. What is the hundreds digit of i?
4
Let i = -93 - -104. Let p be ((-2)/i - (-14)/77) + 3. Suppose 4*v = -p*b + 725 - 234, 25 = 5*v. What is the tens digit of b?
5
Let j(r) = 8*r**3 - 2*r + 2. Let m = -76 - -74. Let u be j(m). Let p = 84 + u. What is the units digit of p?
6
Let p(z) = -z**2 + 17*z - 32. Let y be p(4). Let a(u) = 2*u**2 + 2*u + 1. Let c be a(-5). Let h = c - y. What is the units digit of h?
1
Let b be (-7)/(-7) + (2 - 4). Let d be b/(-4 + (-76)/(-20)). Suppose -2 = 2*u, -d*a = -0*a + 3*u - 297. What is the units digit of a?
0
Suppose -2*y - 19 - 1 = 0. Let u(k) = k**3 + 13*k**2 - 3*k. Let p be u(y). Suppose n + p = 2*a, a - 330 = -a + 5*n. What is the tens digit of a?
6
Suppose 4*r - 2*x - 7337 = 57767, 4*r + 4*x - 65128 = 0. What is the tens digit of r?
7
What is the ten thousands digit of 83118/3 + (9/(81/(-63)) - -6)?
2
Suppose -66 = -3*k + 69. Let p be ((-1)/(-1))/1*(-118 + k). Let u = p - -136. What is the tens digit of u?
6
Let m(g) be the third derivative of 79*g**5/6 + g**4/12 + g**3/3 - 2*g**2 + 2. What is the tens digit of m(-1)?
9
Let z = 175 - 173. Suppose a = -t + 359, t + 0*t = -z*a + 361. What is the tens digit of t?
5
What is the thousands digit of (-644350)/(-50) + (-2)/((-2)/7)?
2
Let x(i) = i**2 + 24*i + 91. Let p be x(-5). What is the tens digit of (-2241)/p + (-48)/(-64)?
6
Let q = 39 + -19. Let r be (q/8 - 0)/((-1)/82). Let d = 314 + r. What is the hundreds digit of d?
1
Suppose 2*q + 7*q - 117 = 0. Let v(o) = -o + 42. Let s be v(q). Suppose s*n = 22*n + 1253. What is the hundreds digit of n?
1
Suppose -16*x = -18*x + 16. Let c(q) = 2*q**3 - 9*q**2 - 4*q - 45. What is the units digit of c(x)?
1
Suppose 3*j - 2*j + 76 = -v, 3*j + 5*v + 232 = 0. Let q = 130 - j. Suppose q = 18*w - 16*w. What is the units digit of w?
2
Suppose -76*j + 474728 = -137528. What is the tens digit of j?
5
Suppose 98*f = 1118282 + 3053382. What is the units digit of f?
8
Let r = 10702 - 7021. What is the thousands digit of r?
3
Let l = -763 - -9001. What is the hundreds digit of l?
2
Let u be 0/(((-18)/(-30))/(2/10)). Suppose 4*q - 20 = 0, u = k - 3*q + 24 - 99. What is the units digit of k?
0
Let d(n) be the third derivative of 0*n - 5/24*n**4 + 0 + 59/60*n**5 + 22*n**2 + 2/3*n**3. What is the tens digit of d(1)?
5
Let s = 189 + 166. Suppose -4*l = y + 119, 4*l + 14 = 3*y + s. Let f = y + 213. What is the tens digit of f?
9
Let c(o) = o**3 - 15*o**2 - 27*o + 43. Suppose -25*y + 11*y = -252. What is the units digit of c(y)?
9
Suppose 0 = 5*r - 0*r - 4650. Let b = r - -52. What is the hundreds digit of b?
9
Let s(r) = 248*r**3 - r**2 - r + 2. What is the tens digit of s(3)?
8
Let g = -127 - -4104. What is the tens digit of g?
7
Suppose 16*s - 244167 = 104649. What is the units digit of s?
1
Let l(t) = -6*t**3 - t**2 + 2*t. Let g be l(1). Let q be (5 + (g - 0))/2. Let k(f) = f**3 - 3*f**2 + f + 41. What is the units digit of k(q)?
1
Suppose -s - 14553 = -4*v, s = -58 + 57. What is the units digit of v?
8
Let a be (-1094*1)/(8 + -10). What is the hundreds digit of a + (-1 - -1) - 4?
5
Suppose 28*y = 46 + 38. Suppose 0 = 3*a + 6, -y*k + 18 = -2*a - 268. What is the units digit of k?
4
Suppose -x = 4, 3*v + 53 + 85 = -3*x. Suppose 103 + 107 = -6*m. Let r = m - v. What is the units digit of r?
7
Suppose -36 = 5*l + 5*u + 49, -3*l - u - 49 = 0. What is the hundreds digit of ((-8)/6)/(l/1512)?
1
Suppose r - 25535 = -5*o, -5*o - 41450 - 35175 = -3*r. What is the ten thousands digit of r?
2
Let c(o) = 48*o + 53. Let s be c(5). Let j = s + -78. What is the tens digit of j?
1
Let t = -157 + 161. Suppose 0 = -5*q + j + 2819, t*q - 1209 = 4*j + 1043. What is the units digit of q?
4
Let o = -91 - -94. Suppose 2*t = -5*q + 667, 0 = -o*t - 3*q + 1272 - 249. What is the units digit of t?
6
What is the tens digit of ((-2)/(-10))/(136/(-680)) + 58760?
5
Suppose 27*l + 1825495 = 33*l + 43*l. What is the tens digit of l?
5
Suppose -29*t = -23*t - 1410. Suppose 444 = 7*a - t. What is the tens digit of a?
9
Let j = 8025 - 843. What is the thousands digit of j?
7
Let p = -4116 - -6831. What is the hundreds digit of p/(-2)*(-18)/27?
9
Let u = -8 + 111. Suppose 5*p - u = -4*r, -2*p + 28 - 165 = -5*r. Suppose h - r = 63. What is the units digit of h?
0
Suppose 15*n = -4*n + 858469 - 165938. What is the units digit of n?
9
Suppose n - 2*v - 36 = 0, -n - 2*v + 39 = 15. Suppose 5*q - 300 = 3*s, -3*q + 310 = 2*q - 5*s. Let a = n + q. What is the units digit of a?
7
Suppose -7*r + 2*l + 233678 = 0, -23*l = 4*r - 21*l - 133524. What is the units digit of r?
2
Let d = -3633 + 9290. What is the tens digit of d?
5
Let z(l) = -8*l**2 + 1370*l - 158. What is the tens digit of z(66)?
1
Suppose 0 = -5*j - 2*o + 68143, -4*j + 254*o = 258*o - 54500. What is the units digit of j?
1
Let v(c) = c + 1. Let u(r) be the second derivative of -5*r**3/3 - r**2 + 12*r. Let s(q) = 2*u(q) - 6*v(q). What is the tens digit of s(-2)?
4
What is the thousands digit of 53953 - (10 + -10 + (-27)/9)?
3
Suppose 108*b - 1634339 + 81191 = 0. What is the thousands digit of b?
4
Let l be (1 + -3 - -2) + 4. What is the tens digit of l - (1 + -10) - 3?
1
Suppose 0 = -5*f - 3*c + 173, 5*f - 3*c = -8*c + 165. Suppose 40*o - f*o = 69. What is the hundreds digit of (-20 - -13)*o*(-1 - 0)?
1
Suppose -4*j = 3*p - 1543, 4*p - 6*p = 5*j - 1038. What is the hundreds digit of p?
5
Suppose 0*l = -2*l + 4. Suppose 5*o + l*a - 16 = 0, 2*a = -4*o + 5*a + 22. Suppose -2*f + o*f + 5*s - 150 = 0, -3*f = 4*s - 232. What is the units digit of f?
0
Let h = 2083 + -2083. Let i be 1/2 + (-94)/(-4). Suppose 0 = c - h*x + x - i, -5*x - 132 = -4*c. What is the tens digit of c?
2
Let c be (-40)/(-5) + -4 - 103. Let r(f) = -f**3 - 3*f**2 - 7*f + 8. Let i be r(-7). Let v = i + c. What is the tens digit of v?
5
Let o = 48841 + 23519. What is the thousands digit of o?
2
Let q(s) be the third derivative of s**5/60 - s**4/8 + 9*s**3/2 + s**2. Let i = 173 + -166. What is the tens digit of q(i)?
5
Suppose -4*i = 7*t - 3*t - 1508, 4*t - 4*i - 1468 = 0. Suppose 108 = 3*r - t. Let j = r - 76. What is the units digit of j?
4
Let y be 4 - -4*18/(-12). Let g(k) = 50*k**2 - 7*k - 6. What is the hundreds digit of g(y)?
2
Suppose -3*q = -5*j - 15, -5*j = -10*q + 5*q + 25. What is the tens digit of ((j - -9) + -4)*24/5?
2
Let v be (-34*1/(-8))/((-4)/(-16)). Suppose v*x - 3943 = -135. What is the units digit of x?
4
Let r(h) = 2*h**3 + 63*h**2 + 11*h + 6. Let j be r(-31). What is the hundreds digit of j*1*(2 - 3/6)?
9
Suppose -5*b - 81 - 44 = -3*h, 25 = -b + 4*h. What is the tens digit of (1878/(-4) + -3)*50/b?
4
Let y = 8481 - -11835. What is the units digit of y?
6
Let n = -378 + 382. Suppose 2077 = 2*t + 5*b, 4*t - 7*t = -n*b - 3081. What is the hundreds digit of t?
0
Suppose 0 = 2*j - 4*g - 13394, -11*j + 6*j + 2*g = -33525. What is the thousands digit of j?
6
Let d be (-1312)/(-24) + (-1)/(-3). Suppose d = -3*s + 7. What is the tens digit of (-2)/3*((0 - -1) + s)?
1
Suppose 0 = -19*r + 5551 + 27452. Let z = r - 961. What is the units digit of z?
6
Let g = -141 - -240. Let t = -565 + g. Let x = -208 - t. What is the units digit of x?
8
Let 